-68788)/(-76) + -1 + 2/(-19). Suppose -6*i - 2*p - n = -10*i, 0 = 2*i - 4*p - 458. What is the tens digit of i?
2
Let q(k) = -20*k + 17. Let j(y) = 59*y - 53. Let a(x) = 3*j(x) + 8*q(x). What is the tens digit of a(9)?
3
Suppose -479 = -4*l + 1621. Suppose -3*m - 4*u = -1585, 2*u - l = -m - 0*u. What is the hundreds digit of m?
5
Let m(x) = 23*x**2 + 31 + 18*x - 783*x**3 + 782*x**3 - 83. What is the units digit of m(23)?
2
Let t(g) = -411*g - 3346. What is the units digit of t(-82)?
6
Let d be 4*(2 + 14/(-8)). Let x(u) = -1045*u**2 + 2*u + 20. Let w(r) = -209*r**2 + 4. Let q(i) = -11*w(i) + 2*x(i). What is the hundreds digit of q(d)?
2
Let q = 22 - 42. Let x(r) be the second derivative of -r**5/20 - 7*r**4/4 - 11*r**3/3 + 17*r**2/2 - 377*r + 1. What is the tens digit of x(q)?
5
Let g(u) = -11*u**2. Let d(n) = -23*n**2 + n + 1. Let i(b) = 2*d(b) - 5*g(b). Let a be i(-1). Suppose a*j = 1765 - 685. What is the hundreds digit of j?
1
Suppose 0 = 21*k - 74*k + 2439219. What is the units digit of k?
3
Let b = -40507 + 70352. What is the units digit of b?
5
Let k(a) = 2*a**2 - 85*a + 1520. What is the thousands digit of k(107)?
5
Let i = -2861 + 4437. What is the hundreds digit of i?
5
Let t(o) = 5*o**2 + 28*o - 12. Let g be t(10). Let l = g - 176. What is the units digit of l?
2
Suppose 28203 = 4*j - 44205. What is the hundreds digit of j?
1
Let h(t) = t**2 + 2*t - 3. Let i be h(2). Suppose 13*z + i*z = 3852. What is the units digit of z?
4
Let n = 2984 + -2980. Suppose 0 = 4*r + 4*l - 20, -2*r + 2*l + 2*l - 20 = 0. Suppose n*z + 45 - 277 = r. What is the units digit of z?
8
Suppose 44*g = 58*g - 175364. What is the ten thousands digit of g?
1
Suppose -z + 66 = -27 - 26. What is the tens digit of z?
1
Let r(d) = -1545*d + 2836. What is the ten thousands digit of r(-6)?
1
Suppose -235*y + 11834 = 2*l - 233*y, 2*l + y - 11835 = 0. What is the thousands digit of l?
5
Let n(t) = -t**3 + 38*t**2 + 20*t - 117. What is the units digit of n(38)?
3
Let u be 42/8*(4 + 56). Suppose -4*s = -21 - u. Let o = s - 74. What is the units digit of o?
0
Suppose 42*j = -269289 + 408660 + 356439. What is the thousands digit of j?
1
Let u(y) = 5*y - 26. Let v be u(7). Let g be (-6*1 - 3)*(-2)/v. What is the units digit of (-3 - (-19)/3)*39/g?
5
Let l(s) = 1628*s - 505. What is the hundreds digit of l(11)?
4
Let a(f) = f**3 + 10*f**2 - 11*f + 2. Let n be a(-5). Let l = n - -230. What is the tens digit of l?
1
Let d(j) = 1676*j + 68. Let v be d(3). Suppose 2*m = f + 2033, -2*m + 7*m + 2*f = v. What is the thousands digit of m?
1
Let k(b) = 156*b**2 + 17*b - 143. What is the ten thousands digit of k(13)?
2
Suppose 271 + 3734 = 5*y. Suppose 0 = 4*t + 16, c - 3*t = 24 + y. What is the tens digit of c?
1
Let v(x) = -228*x - 4120. What is the thousands digit of v(-54)?
8
Let k = -22 + 24. Suppose 2*w + k*w = p + 7, 3*p = 3*w + 6. Suppose -3*b = -3*v - 96, 25 - p = b + 5*v. What is the units digit of b?
0
Suppose 1965*d = 1951*d + 71932. What is the hundreds digit of d?
1
Let s = 1327 - 1861. Let y = s - -1485. What is the tens digit of y?
5
What is the ten thousands digit of 3709 + -3707 - (-4)/(-3)*64959/(-2)?
4
Let o(q) = 2*q - 21. Let h be o(13). Suppose -2*p + 10 = 3*m, h*m - 4*m = 2. Suppose -52 = -5*c - 2*z + 237, 3*c = -p*z + 171. What is the tens digit of c?
5
What is the hundreds digit of (-4 - (-37284)/(-9))*1248/(-128)?
4
Let n(x) = 2*x**2 - 7*x - 227. Let g be n(-16). Let u = 599 - g. What is the tens digit of u?
0
Let q(r) = -3*r**3 - 56*r**2 - 122*r - 102. What is the units digit of q(-24)?
2
Let w be 5 + (-7 - -2)*-31. What is the units digit of 4*w - (-117)/(-13)?
1
Let b be 40/10 + (-618)/(-2). Suppose 5*j - 777 = b. What is the tens digit of j?
1
Let p be 6/(-39) - (21612/(-39) - -5). Let v = 1243 - p. What is the units digit of v?
4
Let y(o) = 345*o**2 - 7*o - 82. What is the thousands digit of y(-6)?
2
Let f be (29/2)/((-7)/(-154)). Let l = f + -159. Suppose 11*c - l - 60 = 0. What is the units digit of c?
0
Let o(v) = 13*v**2 + 18*v - 7. Suppose 165*i = 160*i + 15. What is the units digit of o(i)?
4
What is the tens digit of 3/3 + (11818 - 71)?
4
Let h = 336 - 334. Suppose 3*s = 5*x + 460, -5*s = h*x - 242 - 473. What is the tens digit of s?
4
Suppose 0 = 10*c - 8*c + 608. Let j = c - -181. Let i = 219 + j. What is the units digit of i?
6
Let j be (-75)/(-11) + 7/(-154)*-4. Suppose j*w = 761 + 1283. What is the units digit of w?
2
Let s = -958 - -1197. Let g = s - -1561. What is the thousands digit of g?
1
Suppose -3*d = 4*q - 27028, -48*q + 6774 = -47*q + 5*d. What is the units digit of q?
4
Let c = -122 - 96. Let x = c - -255. What is the tens digit of x?
3
Let o be 1/(-5) + 72/10. Suppose o = -k + 9. Suppose 117 = y - r, -k*r - 2*r = -8. What is the tens digit of y?
1
Let c(y) = 46*y**2 + 11*y + 6. Let k be c(-4). Suppose -3*w - k = -20. Let l = w + 408. What is the tens digit of l?
8
Let j = -972 - -1590. What is the units digit of j/21 + 15/(-35)?
9
Suppose 4*g - 2*y - 7192 = -1188, 4*g = -5*y + 5976. Suppose 717 + g = 4*r. What is the tens digit of r?
5
Suppose 0 = -2*k + 27189 - 7139. What is the thousands digit of k?
0
Let t(z) = z**3 - 11*z**2 + 9*z + 10. Let m be t(10). What is the hundreds digit of 883 - (-2 + -2 + m)?
8
Let b = 9405 + 605. Suppose -10*s = -b + 2630. What is the units digit of s?
8
Suppose 23*s - 857671 - 14305 = 0. What is the tens digit of s?
1
Suppose -2*b + 2*y + 88 = 0, 5*y - 2*y = -3*b + 102. Let m be 26/b*3/(-2). What is the units digit of (m/((-5)/6))/(6/100)?
0
Suppose -45*v + 120339 = -43*v + d, -120357 = -2*v - 3*d. What is the hundreds digit of v?
1
Suppose i = -14*i - 150. Let p be (2 + -4)*(11925/i)/(-5). What is the tens digit of ((-8)/(-3))/((-6)/p)?
1
Let h = 56 + -26. Suppose 0 = -9*p + 4*p - h. What is the tens digit of (40/((-8)/(-2)))/(p/(-9))?
1
Let r(x) = 827*x - 229. What is the thousands digit of r(6)?
4
Suppose 3*k - 5 = 3*y - 2*y, -4*y + 2*k + 10 = 0. Suppose y*n - 26 = 30. What is the units digit of 20/35 - (-6)/n?
1
Suppose 2*j - 3363 = 5377. Suppose 0 = p, 5*k - 3*p + 7*p = j. What is the hundreds digit of k?
8
Let j(d) = -101*d + 6978. What is the tens digit of j(-10)?
8
Suppose 31*l - 285 = 335. What is the hundreds digit of (1761 + -7)*10/l?
8
Let i = -100441 - -149763. What is the thousands digit of i?
9
Let c(m) = m**2 - 10*m. Let a be c(10). Suppose 0 = -3*l + 3*b - 9, a = -3*l + 4*b - 0 - 12. What is the tens digit of 0 + l + (-66)/(-2)?
3
Let o(j) = 2*j - 16. Let u be o(13). Let p be (-1967)/(-11) + u/55. Let m = -53 + p. What is the tens digit of m?
2
Let s = -209 + 983. Let u = s + -439. What is the tens digit of u?
3
Suppose -2*i + 6 + 28 = 0. Suppose 0 = 3*v + 1 + i. What is the tens digit of 39 + -18 + v*(-1)/2?
2
Let h be 126/24 - (-10)/(-8). Let w(x) = 0 + h*x - 9*x + 2. What is the units digit of w(-11)?
7
Let v(j) = -5*j**3 - 8*j**2 - 10*j - 28. Let c be (-8 + 7)/(3/21). What is the hundreds digit of v(c)?
3
Let j(y) = y**3 + 6*y**2 - 16*y + 3. Let l(k) = -4*k**3 - 19*k**2 + 55*k - 10. Let a(b) = -7*j(b) - 2*l(b). Let q = 13 + -8. What is the tens digit of a(q)?
3
Suppose 4503 = q + v, 133*q - 13513 = 130*q + v. What is the thousands digit of q?
4
What is the units digit of (6*-7442)/((-27)/(-2) + -9 + -6)?
8
Let o(a) = 2024*a + 3682. What is the ten thousands digit of o(19)?
4
Let m be 9 + -218 - -1*3/1. Let k = 501 + m. Let c = k + -204. What is the units digit of c?
1
Let t(n) = -12*n**3 - 5*n**2 + 9*n. Let p be t(2). Let c = 178 + p. What is the units digit of c?
0
Let k(p) = -66*p + 9*p - 113 - 24*p. What is the hundreds digit of k(-7)?
4
Let f = 7035 - 4932. Let z = f - 1434. What is the tens digit of z?
6
Let v(n) be the first derivative of 476*n**3/3 + 15*n**2/2 - 16*n + 25. What is the tens digit of v(1)?
7
Let u = 15254 + -1414. What is the units digit of u?
0
Let z = -1025 - -1768. Let p = 852 - z. What is the hundreds digit of p?
1
Suppose 23*p = 111*p - 1226280. What is the thousands digit of p?
3
What is the tens digit of 12/(-10)*226820/(-66)?
2
Let t(v) = -32*v - 49*v + 158*v - 21*v - 25. What is the units digit of t(4)?
9
Let z(u) = -27. Let y be (12 - 5) + 0 + -3. Let a(h) = -h - 26. Let p(w) = y*z(w) - 5*a(w). What is the units digit of p(7)?
7
Let z = -3000 + 